{"id":2756,"date":"2026-01-14T17:02:55","date_gmt":"2026-01-14T16:02:55","guid":{"rendered":"https:\/\/siwykon.pl\/?page_id=2756"},"modified":"2026-01-21T13:52:55","modified_gmt":"2026-01-21T12:52:55","slug":"linki","status":"publish","type":"page","link":"https:\/\/siwykon.pl\/?page_id=2756","title":{"rendered":"Linki"},"content":{"rendered":"\n<p>Ta strona jest miejscem, w kt\u00f3rym zbieram linki do blog\u00f3w, os\u00f3b, projekt\u00f3w i narz\u0119dzi, z kt\u00f3rych realnie korzystam i kt\u00f3re mnie inspiruj\u0105. To nie jest lista afiliacyjna ani reklama. <a href=\"https:\/\/thoughts.melonking.net\/thoughts\/every-site-needs-a-links-page-why-linking-matters\" data-type=\"link\" data-id=\"https:\/\/thoughts.melonking.net\/thoughts\/every-site-needs-a-links-page-why-linking-matters\">Tu przeczytasz po angielsku o idei linkowania i traktowania webu jako sieci relacji<\/a>.<\/p>\n\n\n\n<figure class=\"wp-block-image size-full\"><img decoding=\"async\" width=\"159\" height=\"23\" src=\"https:\/\/siwykon.pl\/wp-content\/uploads\/2022\/08\/clovers.png\" alt=\"\" class=\"wp-image-2738\" srcset=\"https:\/\/siwykon.pl\/wp-content\/uploads\/2022\/08\/clovers.png 159w, https:\/\/siwykon.pl\/wp-content\/uploads\/2022\/08\/clovers-150x23.png 150w\" sizes=\"(max-width: 159px) 100vw, 159px\" \/><\/figure>\n\n\n\n<p><strong>O koniach:<\/strong><\/p>\n\n\n\n<ul class=\"wp-block-list\">\n<li><a href=\"https:\/\/animaltraining.us\/\" data-type=\"link\" data-id=\"https:\/\/animaltraining.us\/\">Strona po\u015bwi\u0119cona metodom dr. Jenifer Zeligs<\/a>, wy\u015bmienitej trenerki ka\u017cdego gatunku zwierz\u0105t. Ja skorzysta\u0142am z kursu <a href=\"https:\/\/animaltraining.thinkific.com\/courses\/animal-training-101-full-course\" data-type=\"link\" data-id=\"https:\/\/animaltraining.thinkific.com\/courses\/animal-training-101-full-course\">Animal Training 101<\/a> i uwa\u017cam, \u017ce uczy on o treningu zwierz\u0105t najlepiej. Etycznie, konkretnie, naukowo od podszewki.<\/li>\n\n\n\n<li><a href=\"https:\/\/www.facebook.com\/BehawiorystykaKOni\" data-type=\"link\" data-id=\"https:\/\/www.facebook.com\/BehawiorystykaKOni\">Facebook behawiorystki Kasi Olczak<\/a>, kt\u00f3ra prezentuje swoj\u0105 prac\u0105 bardzo przyjazne i etyczne podej\u015bcie do koni.<\/li>\n\n\n\n<li><a href=\"https:\/\/www.facebook.com\/ga.adamczewska\" data-type=\"link\" data-id=\"https:\/\/www.facebook.com\/ga.adamczewska\">Facebook Gabrieli Adamczewskiej<\/a>, behawiorystki i trenerki, kt\u00f3ra nie bez powodu jest polecana pod ka\u017cdym postem z pytaniem o osob\u0119 z du\u017cym sercem do trudnych koni.<\/li>\n\n\n\n<li><a href=\"https:\/\/zlotykon.pl\/blog-pol.phtml\" data-type=\"link\" data-id=\"https:\/\/zlotykon.pl\/blog-pol.phtml\">Blog Z\u0142otego Konia<\/a> oraz <a href=\"https:\/\/www.facebook.com\/p\/Z%C5%82oty-Ko%C5%84-100063486255693\/?locale=pl_PL\" data-type=\"link\" data-id=\"https:\/\/www.facebook.com\/p\/Z%C5%82oty-Ko%C5%84-100063486255693\/?locale=pl_PL\">Z\u0142oty Ko\u0144 na Facebooku<\/a> &#8211; Joanna Smulska bardzo du\u017co wie o zio\u0142ach i naturze koni, i bardzo dobrze o tym pisze. Cz\u0119sto wracam do jej wpis\u00f3w.<\/li>\n\n\n\n<li>Bardzo du\u017co wiedzy o kopytach znajdziesz na <a href=\"https:\/\/konie.rancho-stokrotka.pl\/category\/kon-naturalny\/kopyta\/\" data-type=\"link\" data-id=\"https:\/\/konie.rancho-stokrotka.pl\/category\/kon-naturalny\/kopyta\/\">blogu Rancho Stokrotka &#8211; Konie &#8211; Szukaj\u0105c doskona\u0142o\u015bci<\/a>.<\/li>\n<\/ul>\n\n\n\n<figure class=\"wp-block-image size-full\"><img decoding=\"async\" width=\"159\" height=\"23\" src=\"https:\/\/siwykon.pl\/wp-content\/uploads\/2022\/08\/clovers.png\" alt=\"\" class=\"wp-image-2738\" srcset=\"https:\/\/siwykon.pl\/wp-content\/uploads\/2022\/08\/clovers.png 159w, https:\/\/siwykon.pl\/wp-content\/uploads\/2022\/08\/clovers-150x23.png 150w\" sizes=\"(max-width: 159px) 100vw, 159px\" \/><\/figure>\n\n\n\n<p><strong>Ksi\u0105\u017cki:<\/strong><\/p>\n\n\n\n<ul class=\"wp-block-list\">\n<li>Ksi\u0105\u017cka, kt\u00f3r\u0105 polecam ka\u017cdemu klientowi do samodzielnej pracy z koniem &#8211; <a href=\"https:\/\/www.galaktyka.com.pl\/zwierzeta\/55-cwiczen-korekcyjnych-dla-koni-rozwiazywanie-problemow-posturalnych-poprawa-wzorcow-ruchowych-i-stabilizacji-oraz-zapobieganie-kontuzjom\" data-type=\"link\" data-id=\"https:\/\/www.galaktyka.com.pl\/zwierzeta\/55-cwiczen-korekcyjnych-dla-koni-rozwiazywanie-problemow-posturalnych-poprawa-wzorcow-ruchowych-i-stabilizacji-oraz-zapobieganie-kontuzjom\">55 \u0107wicze\u0144 korekcyjnych dla koni<\/a> Jec Aristotle Ballou. \u0106wiczenia do pracy z ziemi, kt\u00f3ry ogarnie ka\u017cdy, bo wszystko jest dobrze opisane. S\u0105 r\u00f3wnie\u017c propozycje plan\u00f3w treningowych.<\/li>\n\n\n\n<li><a href=\"https:\/\/animaltraining.us\/animaltraining101-html\/\" data-type=\"link\" data-id=\"https:\/\/animaltraining.us\/animaltraining101-html\/\">Animal Training 101<\/a> dr. Jenifer Zeligs &#8211; podr\u0119cznik treningu zwierz\u0105t. Je\u015bli korzystasz z kursu od Jenifer to polecam t\u0119 ksi\u0105\u017ck\u0119 jako podr\u0119cznik, ale polecam j\u0105 tak\u017ce osobno, je\u015bli dobrze przyswajasz informacje czytane. Tutaj link na <a href=\"https:\/\/www.amazon.pl\/Animal-Training-101-Practical-Modification\/dp\/B0D6K1GF26?source=ps-sl-shoppingads-lpcontext&amp;psc=1&amp;smid=A2R2221NX79QZP\" data-type=\"link\" data-id=\"https:\/\/www.amazon.pl\/Animal-Training-101-Practical-Modification\/dp\/B0D6K1GF26?source=ps-sl-shoppingads-lpcontext&amp;psc=1&amp;smid=A2R2221NX79QZP\">Amazon<\/a>. Ja kupi\u0142am na <a href=\"https:\/\/www.libristo.pl\/pl\/item\/animal-training-101-the-complete-and-practical-guide-to-the-art-and-science-of-behavior-modification_12439706\" data-type=\"link\" data-id=\"https:\/\/www.libristo.pl\/pl\/item\/animal-training-101-the-complete-and-practical-guide-to-the-art-and-science-of-behavior-modification_12439706\">Libristo<\/a>, ale w momencie pisania tego tekstu jest tam niedost\u0119pna.<\/li>\n<\/ul>\n\n\n\n<figure class=\"wp-block-image size-full\"><img decoding=\"async\" width=\"159\" height=\"23\" src=\"https:\/\/siwykon.pl\/wp-content\/uploads\/2022\/08\/clovers.png\" alt=\"\" class=\"wp-image-2738\" srcset=\"https:\/\/siwykon.pl\/wp-content\/uploads\/2022\/08\/clovers.png 159w, https:\/\/siwykon.pl\/wp-content\/uploads\/2022\/08\/clovers-150x23.png 150w\" sizes=\"(max-width: 159px) 100vw, 159px\" \/><\/figure>\n\n\n\n<p><strong>Nie o koniach:<\/strong><\/p>\n\n\n\n<ul class=\"wp-block-list\">\n<li><a href=\"https:\/\/pixelsafari.neocities.org\/\">Pixel Safari<\/a> to strona, z kt\u00f3rej pobra\u0142am kilka ikon, z kt\u00f3rych korzystam na stronie. \ud83d\ude42 Je\u015bli by\u0142x\u015b aktywny w Internecie, zw\u0142aszcza na blogach, po 2000 roku &#8211; z nostalgi\u0105 zwiedzisz t\u0119 stron\u0119!<\/li>\n<\/ul>\n\n\n\n<figure class=\"wp-block-image size-full\"><img decoding=\"async\" width=\"772\" height=\"55\" src=\"https:\/\/siwykon.pl\/wp-content\/uploads\/2022\/08\/mushrooms.png\" alt=\"\" class=\"wp-image-2737\" srcset=\"https:\/\/siwykon.pl\/wp-content\/uploads\/2022\/08\/mushrooms.png 772w, https:\/\/siwykon.pl\/wp-content\/uploads\/2022\/08\/mushrooms-300x21.png 300w, https:\/\/siwykon.pl\/wp-content\/uploads\/2022\/08\/mushrooms-768x55.png 768w, https:\/\/siwykon.pl\/wp-content\/uploads\/2022\/08\/mushrooms-600x43.png 600w\" sizes=\"(max-width: 772px) 100vw, 772px\" \/><\/figure>\n\n\n\n<p><\/p>\n","protected":false},"excerpt":{"rendered":"<p>Ta strona jest miejscem, w kt\u00f3rym zbieram linki do blog\u00f3w, os\u00f3b, projekt\u00f3w i narz\u0119dzi, z kt\u00f3rych realnie korzystam i kt\u00f3re [&hellip;]<\/p>\n","protected":false},"author":1,"featured_media":0,"parent":0,"menu_order":0,"comment_status":"closed","ping_status":"closed","template":"","meta":{"site-sidebar-layout":"default","site-content-layout":"","ast-site-content-layout":"default","site-content-style":"default","site-sidebar-style":"default","ast-global-header-display":"","ast-banner-title-visibility":"","ast-main-header-display":"","ast-hfb-above-header-display":"","ast-hfb-below-header-display":"","ast-hfb-mobile-header-display":"","site-post-title":"","ast-breadcrumbs-content":"","ast-featured-img":"","footer-sml-layout":"","theme-transparent-header-meta":"","adv-header-id-meta":"","stick-header-meta":"","header-above-stick-meta":"","header-main-stick-meta":"","header-below-stick-meta":"","astra-migrate-meta-layouts":"default","ast-page-background-enabled":"default","ast-page-background-meta":{"desktop":{"background-color":"var(--ast-global-color-5)","background-image":"","background-repeat":"repeat","background-position":"center center","background-size":"auto","background-attachment":"scroll","background-type":"","background-media":"","overlay-type":"","overlay-color":"","overlay-opacity":"","overlay-gradient":""},"tablet":{"background-color":"","background-image":"","background-repeat":"repeat","background-position":"center center","background-size":"auto","background-attachment":"scroll","background-type":"","background-media":"","overlay-type":"","overlay-color":"","overlay-opacity":"","overlay-gradient":""},"mobile":{"background-color":"","background-image":"","background-repeat":"repeat","background-position":"center center","background-size":"auto","background-attachment":"scroll","background-type":"","background-media":"","overlay-type":"","overlay-color":"","overlay-opacity":"","overlay-gradient":""}},"ast-content-background-meta":{"desktop":{"background-color":"var(--ast-global-color-4)","background-image":"","background-repeat":"repeat","background-position":"center center","background-size":"auto","background-attachment":"scroll","background-type":"","background-media":"","overlay-type":"","overlay-color":"","overlay-opacity":"","overlay-gradient":""},"tablet":{"background-color":"var(--ast-global-color-4)","background-image":"","background-repeat":"repeat","background-position":"center center","background-size":"auto","background-attachment":"scroll","background-type":"","background-media":"","overlay-type":"","overlay-color":"","overlay-opacity":"","overlay-gradient":""},"mobile":{"background-color":"var(--ast-global-color-4)","background-image":"","background-repeat":"repeat","background-position":"center center","background-size":"auto","background-attachment":"scroll","background-type":"","background-media":"","overlay-type":"","overlay-color":"","overlay-opacity":"","overlay-gradient":""}},"footnotes":""},"class_list":["post-2756","page","type-page","status-publish","hentry"],"jetpack_sharing_enabled":true,"_links":{"self":[{"href":"https:\/\/siwykon.pl\/index.php?rest_route=\/wp\/v2\/pages\/2756","targetHints":{"allow":["GET"]}}],"collection":[{"href":"https:\/\/siwykon.pl\/index.php?rest_route=\/wp\/v2\/pages"}],"about":[{"href":"https:\/\/siwykon.pl\/index.php?rest_route=\/wp\/v2\/types\/page"}],"author":[{"embeddable":true,"href":"https:\/\/siwykon.pl\/index.php?rest_route=\/wp\/v2\/users\/1"}],"replies":[{"embeddable":true,"href":"https:\/\/siwykon.pl\/index.php?rest_route=%2Fwp%2Fv2%2Fcomments&post=2756"}],"version-history":[{"count":9,"href":"https:\/\/siwykon.pl\/index.php?rest_route=\/wp\/v2\/pages\/2756\/revisions"}],"predecessor-version":[{"id":2787,"href":"https:\/\/siwykon.pl\/index.php?rest_route=\/wp\/v2\/pages\/2756\/revisions\/2787"}],"wp:attachment":[{"href":"https:\/\/siwykon.pl\/index.php?rest_route=%2Fwp%2Fv2%2Fmedia&parent=2756"}],"curies":[{"name":"wp","href":"https:\/\/api.w.org\/{rel}","templated":true}]}}